base 6) to base 10.
10072
Convert -14312 (base 10) to base 3.
-201122002
-3c5 (base 15) to base 16
-35c
Convert -35525 (base 7) to base 10.
-9182
What is -100112112 (base 3) in base 14?
-2769
Convert 12111 (base 4) to base 8.
625
Convert 1211 (base 11) to base 7.
4423
-28a (base 13) to base 10
-452
What is 1061 (base 7) in base 5?
3021
-835 (base 10) to base 3
-1010221
What is 11100011 (base 2) in base 14?
123
What is 1037 (base 15) in base 2?
110101100011
What is -25522 (base 6) in base 15?
-122b
Convert -17542 (base 13) to base 6.
-543331
b2a (base 12) to base 11
1241
What is -36506 (base 7) in base 9?
-14038
What is -100000110111101 (base 2) in base 5?
-1014304
-100221 (base 4) to base 14
-561
-1122 (base 5) to base 9
-200
What is -4153 (base 6) in base 13?
-56a
What is 10000 (base 6) in base 15?
5b6
What is 2565 (base 9) in base 14?
9b4
-647 (base 8) to base 11
-355
Convert -533 (base 7) to base 4.
-10031
Convert 1139 (base 11) to base 14.
78a
Convert -12 (base 15) to base 7.
-23
What is -442 (base 14) in base 6?
-3522
What is 13043 (base 10) in base 2?
11001011110011
What is 90a1 (base 12) in base 11?
10859
-13333 (base 4) to base 15
-241
ae (base 16) to base 4
2232
Convert 219 (base 13) to base 10.
360
34e (base 16) to base 3
1011100
Convert -43724 (base 8) to base 15.
-56ad
-78a (base 12) to base 14
-598
Convert -1613 (base 10) to base 13.
-971
Convert -102 (base 12) to base 6.
-402
231 (base 4) to base 7
63
797 (base 13) to base 4
110123
What is -303140 (base 5) in base 10?
-9795
Convert 1403 (base 6) to base 7.
1026
Convert 1440 (base 10) to base 12.
a00
What is -5641 (base 9) in base 15?
-137d
13251 (base 6) to base 8
3777
Convert -16b9 (base 12) to base 9.
-3666
51255 (base 8) to base 2
101001010101101
Convert 1000111011011 (base 2) to base 13.
2108
-110000111000 (base 2) to base 14
-11d6
-156553 (base 7) to base 15
-936d
Convert 22102101 (base 3) to base 14.
2347
75f (base 16) to base 10
1887
Convert 1112 (base 9) to base 16.
335
Convert 14820 (base 12) to base 11.
1a724
Convert 10002120 (base 3) to base 10.
2256
-926 (base 13) to base 15
-6d8
Convert -203 (base 9) to base 13.
-c9
Convert 35505 (base 7) to base 14.
34ac
21001 (base 3) to base 2
10111110
What is 285 (base 11) in base 5?
2320
What is -561 (base 12) in base 3?
-1002101
Convert d14 (base 16) to base 4.
310110
Convert 11103 (base 5) to base 2.
1100001010
Convert -225 (base 7) to base 4.
-1311
12136 (base 8) to base 4
1101132
What is 521 (base 11) in base 13?
394
What is 112103 (base 4) in base 6?
10335
2dd (base 16) to base 14
3a5
Convert -a8 (base 13) to base 11.
-116
What is 522322 (base 6) in base 10?
42026
123a (base 15) to base 14
15b2
Convert -1000000111101 (base 2) to base 11.
-313a
What is 2420 (base 11) in base 10?
3168
-307 (base 9) to base 3
-100021
Convert -1542 (base 9) to base 14.
-5da
101a (base 11) to base 12
948
-191 (base 11) to base 12
-165
Convert -345053 (base 6) to base 11.
-20292
Convert -12232 (base 4) to base 10.
-430
What is 33203 (base 4) in base 11?
825
Convert -93b (base 12) to base 3.
-1211202
What is -2148a (base 12) in base 3?
-2020012021
Convert 101001010000 (base 2) to base 5.
41030
-1172 (base 14) to base 6
-22024
What is -93a9 (base 14) in base 15?
-7808
What is 1222212 (base 4) in base 12?
3b46
Convert 129 (base 11) to base 12.
108
Convert -1001111111 (base 2) to base 5.
-10024
8094 (base 12) to base 11
a51a
What is 183c (base 13) in base 6?
24400
What is -6e06 (base 16) in base 15?
-852b
Convert 34 (base 16) to base 11.
48
What is -1113122 (base 4) in base 15?
-19ce
Convert 1477 (base 10) to base 13.
898
What is 10010 (base 6) in base 13?
792
Convert -130046 (base 7) to base 14.
-8a96
Convert -10274 (base 9) to base 5.
-204130
Convert -1700 (base 13) to base 12.
-1b58
Convert -344 (base 10) to base 12.
-248
Convert -12100 (base 8) to base 4.
-1101000
What is 11011000000 (base 2) in base 6?
12000
What is -111103 (base 4) in base 13?
-80b
What is 184 (base 13) in base 11?
232
What is 2434 (base 6) in base 2?
1001010110
What is -16122 (base 8) in base 16?
-1c52
Convert 171b6 (base 12) to base 6.
413150
-1a37 (base 11) to base 6
-15541
574 (base 15) to base 7
3412
Convert -3432 (base 15) to base 9.
-16162
Convert 8088 (base 9) to base 5.
142122
110002212 (base 3) to base 8
21171
Convert 5061 (base 9) to base 12.
2184
Convert -10110000111101 (base 2) to base 16.
-2c3d
Convert 150 (base 11) to base 8.
260
-16a (base 12) to base 16
-e2
Convert -3822 (base 10) to base 15.
-11ec
Convert -18a (base 16) to base 5.
-3034
Convert -3094 (base 10) to base 9.
-4217
13151 (base 9) to base 5
241000
Convert -172 (base 16) to base 14.
-1c6
-4422 (base 7) to base 10
-1584
1252 (base 6) to base 16
140
Convert 114235 (base 6) to base 10.
10031
1643 (base 7) to base 13
3c5
-120101 (base 5) to base 15
-1486
-e4c (base 16) to base 13
-1887
Convert -1001011010010000 (base 2) to base 7.
-220242
-2112 (base 4) to base 10
-150
What is 47 (base 9) in base 11?
3a
Convert -9 (base 10) to base 4.
-21
-1953 (base 15) to base 12
-3206
abc (base 14) to base 11
1663
24d4 (base 14) to base 12
38a2
What is 11011001110 (base 2) in base 7?
5036
What is 5d (base 15) in base 16?
58
-122102 (base 3) to base 15
-215
Convert 214 (base 6) to base 2.
1010010
What is -1303 (base 8) in base 13?
-425
What is 110210 (base 4) in base 11?
a97
What is 2002020 (base 3) in base 12?
a66
Convert -702 (base 13) to base 12.
-829
What is 1351 (base 7) in base 13?
316
What is -1093 (base 11) in base 13?
-863
Convert 2206 (base 7) to base 3.
1002021
Convert 32131 (base 7) to base 12.
4734
Convert -221011 (base 3) to base 5.
-10204
Convert -5890 (base 15) to base 14.
-6bd8
What is 50 (base 12) in base 8?
74
Convert 4132 (base 8) to base 6.
13522
What is 1014 (base 6) in base 4?
3202
Convert 10212202100 (base 3) to base 8.
225115
Convert -2433 (base 10) to base 12.
-14a9
What is 47c (base 16) in base 3?
1120112
What is 14311 (base 9) in base 8?
23002
Convert -338 (base 10) to base 4.
-11102
-110000001011 (base 2) to base 15
-da8
Convert -1123322 (base 4) to base 14.
-2202
Convert 30035 (base 7) to base 2.
1110000111101
What is 1198 (base 11) in base 10?
1559
What is -418 (base 10) in base 16?
-1a2
What is 140 (base 7) in base 8?
115
301144 (base 5) to base 12
5639
-16050 (base 7) to base 14
-18d0
-4060 (base 8) to base 11
-1636
-1453111 (base 6) to base 2
-10100101111000011
What is -11241 (base 8) in base 2?
-1001010100001
What is -11100111100110 (base 2) in base 14?
-558a
What is 3007 (base 10) in base 8?
5677
What is -6323 (base 7) in base 11?
-1740
-30131 (base 4) to base 3
-1002112
Convert 343 (base 12) to base 5.
3413
What is 1011222001 (base 3) in base 4?
11230012
-767 (base 15) to base 10
-1672
What is -4a6 (base 12) in base 2?
-1010111110
Convert 41726 (base 9) to base 8.
65654
-170 (base 15) to base 4
-11022
689 (base 10) to base 11
577
-7e8 (base 16) to base 8
-3750
Convert -3688 (base 14) to base 2.
-10010100111000
Convert -3833 (base 9) to base 15.
-cb0
What is 1022 (base 3) in base 13?
29
-20310 (base 5) to base 8
-2462
-1001 (base 5) to base 12
-a6
What is 473 (base 9) in base 16?
186
What is 1b2a (base 14) in base 16?
134a
1110011111101 (base 2) to base 8
16375
Convert -221230 (base 4) to base 6.
-20204
Convert 687 (base 11) to base 5.
11241
What is 213312 (base 4) in base 7?
10302
-240123 (base 5) to base 2
-10001001010100
What is 200 (base 11) in base 14?
134
Convert -114014 (base 5) to base 2.
-1000010100011
What is -11000100100 (base 2) in base 16?
-624
Convert -ca4 (base 16) to base 2.
-110010100100
Convert -251 (base 9) to base 11.
-17a
What is -133 (base 10) in base 13?
-a3
1010110111110100 (base 2) to base 7
243555
Convert 14163 (base 7) to base 3.
12022020
Convert 432 (base 11) to base 4.
20013
What is -34231 (base 8) in base 15?
-445e
Convert -10001110010111 (base 2) to base 15.
-2a76
Convert 2332 (base 4) to base 5.
1230
What is -c29b (base 14) in base 16?
-82b1
22eb (base 15) to base 4
1303331
What is f1f (base 16) in base 13?
19ba
What is 6653 (base 7) in base 9?
3245
What is -611 (base 12) in base 8?
-1555
Convert -11e0 (base 15) to base 8.
-7342
-141 (base 8) to base 2
-1100001
Convert 1118 (base 11) to base 5.
21341
Convert -11104 (base 8) to base 7.
-16430
Conve